
31, 97, 139, 271
What are the prime factors of 24715214?
2, 12357607
What are the prime factors of 2857919878?
2, 11, 17, 23, 457, 727
What are the prime factors of 1428753123?
3, 7, 23, 20123
What are the prime factors of 2572089980?
2, 5, 128604499
List the prime factors of 66914389.
37, 1808497
List the prime factors of 504046813.
6481, 77773
What are the prime factors of 1945243761?
3, 43, 15079409
List the prime factors of 1098425106.
2, 3, 53, 1151389
What are the prime factors of 2407848718?
2, 11, 151, 727, 997
What are the prime factors of 5675284342?
2, 7, 13, 97, 563, 571
What are the prime factors of 529033605?
3, 5, 179, 197033
List the prime factors of 914188703.
563, 1623781
What are the prime factors of 129277742?
2, 11, 467, 12583
List the prime factors of 477903982.
2, 23, 71, 131, 1117
What are the prime factors of 1431867729?
3, 13151, 36293
List the prime factors of 1965484504.
2, 23, 1091, 9791
What are the prime factors of 297535290?
2, 3, 5, 13, 683, 1117
What are the prime factors of 17553301?
23, 211, 3617
What are the prime factors of 4124958726?
2, 3, 7, 547, 179549
What are the prime factors of 1606055496?
2, 3, 29, 661, 3491
What are the prime factors of 8099038420?
2, 5, 11, 19, 229, 8461
List the prime factors of 137330825.
5, 61, 90053
List the prime factors of 43875474.
2, 3, 1049, 6971
What are the prime factors of 101806596?
2, 3, 2827961
List the prime factors of 150030986.
2, 7, 10716499
List the prime factors of 236208546.
2, 3, 7, 43, 43597
What are the prime factors of 1293047594?
2, 646523797
What are the prime factors of 243644375?
5, 13, 157, 191
What are the prime factors of 471241619?
29, 67, 242533
What are the prime factors of 193815439?
29, 6683291
What are the prime factors of 45401233?
45401233
List the prime factors of 3875114221.
11, 23, 41, 397, 941
List the prime factors of 131209863.
3, 97, 450893
List the prime factors of 88364290.
2, 5, 7, 67, 83, 227
List the prime factors of 200808648.
2, 3, 67, 41627
List the prime factors of 907360751.
11, 19, 4341439
List the prime factors of 15404668.
2, 19, 202693
What are the prime factors of 919304281?
7, 569, 230807
List the prime factors of 1613213736.
2, 3, 67217239
What are the prime factors of 1832135668?
2, 11, 29, 719, 1997
List the prime factors of 70477366.
2, 29, 223, 5449
What are the prime factors of 575150433?
3, 11, 13, 7933
List the prime factors of 21072338.
2, 7, 1505167
What are the prime factors of 3521851046?
2, 7, 41, 853, 7193
List the prime factors of 692531298.
2, 3, 167, 230383
What are the prime factors of 2549399758?
2, 1223, 1042273
What are the prime factors of 50439965?
5, 19, 530947
List the prime factors of 41626992.
2, 3, 11, 78839
What are the prime factors of 896161197?
3, 298720399
List the prime factors of 315353318.
2, 7, 3217891
List the prime factors of 5065841076.
2, 3, 113, 659, 5669
What are the prime factors of 5159682064?
2, 41, 1163, 6763
List the prime factors of 261892917.
3, 11, 13, 59, 3449
List the prime factors of 1431933913.
47, 53, 103, 5581
List the prime factors of 745977709.
257, 2902637
What are the prime factors of 64116832?
2, 13, 154127
What are the prime factors of 596689825?
5, 23867593
List the prime factors of 2951624153.
41, 7547, 9539
List the prime factors of 1382375475.
3, 5, 13, 41, 11527
List the prime factors of 298122409.
13, 22932493
What are the prime factors of 59533612?
2, 19, 783337
What are the prime factors of 2241195721?
163, 13749667
List the prime factors of 248365459.
31, 8011789
What are the prime factors of 231369130?
2, 5, 23136913
List the prime factors of 41527688.
2, 571, 9091
What are the prime factors of 82214053?
353, 232901
What are the prime factors of 17741361?
3, 11, 421, 1277
What are the prime factors of 485978528?
2, 7, 71, 30557
List the prime factors of 1500270143.
419, 3580597
List the prime factors of 415048364.
2, 103762091
List the prime factors of 62218297.
62218297
What are the prime factors of 559961889?
3, 186653963
What are the prime factors of 3964042166?
2, 7, 283145869
List the prime factors of 70913917.
157, 451681
List the prime factors of 8695253.
7, 137, 9067
List the prime factors of 163943133.
3, 41, 43, 139, 223
What are the prime factors of 5954750?
2, 5, 23819
What are the prime factors of 577113775?
5, 7, 29, 113717
What are the prime factors of 919127711?
29, 31, 1022389
What are the prime factors of 45138184?
2, 7, 13, 62003
List the prime factors of 137093053.
41, 3343733
List the prime factors of 130693779.
3, 757, 19183
List the prime factors of 190038789.
3, 21115421
List the prime factors of 697608628.
2, 1097, 158981
What are the prime factors of 3354055618?
2, 131, 2729, 4691
List the prime factors of 134321083.
13, 10332391
List the prime factors of 54235066.
2, 17, 1595149
What are the prime factors of 3445227955?
5, 13, 53003507
List the prime factors of 45877123.
47, 976109
List the prime factors of 2454222639.
3, 11, 179, 415477
What are the prime factors of 223884169?
17, 13169657
What are the prime factors of 1436459549?
7, 23, 239, 5333
What are the prime factors of 685948373?
11, 227, 274709
What are the prime factors of 28296127?
71, 353, 1129
List the prime factors of 2354557029.
3, 11, 2239, 2897
What are the prime factors of 4885030377?
3, 60309017
What are the prime factors of 1929984781?
43, 67, 669901
List the prime factors of 1551870525.
3, 5, 20691607
List the prime factors of 1658875064.
2, 7, 11, 251, 10729
What are the prime factors of 820361791?
83, 9883877
What are the prime factors of 270265444?
2, 53, 173, 7369
What are the prime factors of 66542636?
2, 19, 139, 6299
List the prime factors of 4089296.
2, 131, 1951
List the prime factors of 121845012.
2, 3, 191, 53161
What are the prime factors of 7290752?
2, 7, 79, 103
What are the prime factors of 66776826?
2, 3, 1231, 9041
What are the prime factors of 3862687471?
73, 1303, 40609
What are the prime factors of 68460622?
2, 293, 116827
What are the prime factors of 54473551?
11, 19, 97, 2687
What are the prime factors of 958431853?
958431853
List the prime factors of 2263407963.
3, 754469321
List the prime factors of 78907360.
2, 5, 7, 47, 1499
What are the prime factors of 17054824?
2, 2131853
List the prime factors of 991949991.
3, 79, 647, 6469
What are the prime factors of 169856311?
23, 7385057
What are the prime factors of 47954398?
2, 23977199
What are the prime factors of 524233131?
3, 17, 37, 277813
What are the prime factors of 73182277?
7, 101, 103511
What are the prime factors of 4724780984?
2, 7, 11, 1481, 5179
What are the prime factors of 855790240?
2, 5, 5348689
List the prime factors of 542071806.
2, 3, 90345301
List the prime factors of 70413099.
3, 17, 73, 18913
What are the prime factors of 8810080?
2, 5, 17, 41, 79
What are the prime factors of 9466937?
211, 44867
List the prime factors of 193466393.
193466393
What are the prime factors of 846854477?
7, 263, 281, 1637
What are the prime factors of 2070074339?
19, 3853, 28277
List the prime factors of 2625700029.
3, 7523, 116341
What are the prime factors of 4713692324?
2, 11, 107129371
What are the prime factors of 2875972?
2, 11, 163, 401
List the prime factors of 401401271.
37, 10848683
What are the prime factors of 174796097?
7, 223, 111977
List the prime factors of 644982349.
11, 58634759
List the prime factors of 23392127.
11, 23, 92459
List the prime factors of 856578348.
2, 3, 61, 130021
List the prime factors of 3525574067.
23, 153285829
What are the prime factors of 287390413?
287390413
What are the prime factors of 14709055?
5, 2941811
List the prime factors of 417174065.
5, 7, 11, 109, 9941
What are the prime factors of 66100838?
2, 181, 182599
List the prime factors of 6975135.
3, 5, 155003
List the prime factors of 512215315.
5, 1913, 53551
What are the prime factors of 12411851?
89, 139459
List the prime factors of 1833964176.
2, 3, 11, 29, 119773
What are the prime factors of 1611105073?
179, 181, 49727
List the prime factors of 1785755282.
2, 23, 229, 169523
What are the prime factors of 525491907?
3, 175163969
What are the prime factors of 284833769?
11, 19, 59, 23099
List the prime factors of 137533914.
2, 3, 7, 839, 1301
What are the prime fact